Let n = -24 - -27. Suppose -12 - n = -h*s. What is the remainder when 8 is divided by s?
2
Suppose -6 = 3*b - 15. Suppose 2*s - 5*g - 62 = 0, 4 = -s + b*g + 36. Calculate the remainder when s is divided by 14.
12
Let j = 1 - -16. Let m(x) = -12*x - 4. Calculate the remainder when m(-4) is divided by 10/(-5) - j/(-1).
14
Let o(w) = -w**3 + 4*w**2 - 2*w - 1. Let p be o(2). Suppose -143 = -8*y + 3*y + p*r, -2*y + 53 = 3*r. Calculate the remainder when y is divided by 15.
13
Suppose 0 = 13*o - 368 - 35. Calculate the remainder when o is divided by 17.
14
Let l(q) = -2*q**2 - 3*q. Let d(n) = n**2 + 2*n. Let o(v) = -9*d(v) - 4*l(v). Let r be o(-7). Calculate the remainder when (-2)/(-7) - 47/r is divided by 4.
3
Let z(u) = 11*u + 71. Let f(c) = 7*c + 47. Let s(w) = 8*f(w) - 5*z(w). What is the remainder when 5 is divided by s(-19)?
1
Let q(k) = 10*k**2 + 1. Let p(h) = h**2 + 13*h + 16. Let i be p(-14). Suppose -i = -5*v - 0*v. Calculate the remainder when q(1) is divided by v.
5
Let j(l) = 4*l - 1. Let q be j(1). Suppose -2*v = -d - 24, -4*d - 47 = -q*v - 1. What is the remainder when 28 is divided by v?
8
What is the remainder when (0 + 1)/(-7 + 4345/620) is divided by 14?
12
Suppose -2*j + j = -121. What is the remainder when j is divided by 31?
28
Let a(m) = m**3 + 6*m**2 + 2*m + 6. Let t be a(-6). Let u be (-3)/((-27)/t)*6. What is the remainder when 38 is divided by (13/u)/(1/(-4))?
12
Let n = -60 - -88. What is the remainder when n is divided by 16?
12
Suppose 3*f - 240 = -63. Let o = -15 + 23. Let z = o + 12. What is the remainder when f is divided by z?
19
Let b(l) = 14*l - 5. Calculate the remainder when 135 is divided by b(2).
20
Let c(z) = -4*z**3 + z**2 + 3*z + 2. Calculate the remainder when 102 is divided by c(-2).
6
Calculate the remainder when (-1)/(-3) + 1428/63 is divided by 5.
3
Let o = 30 - 8. Calculate the remainder when o is divided by 12.
10
Suppose 3*k - 26 = -2*s, k + 36 = 5*s - 46. Suppose 0 = 4*y - 36 - s. Let d = -54 + 91. Calculate the remainder when d is divided by y.
11
Suppose 3*w - 25 = 5*q, -2*w + 29 = w - 4*q. Calculate the remainder when w is divided by 9.
6
Let w(q) = q + 9. Suppose 2*o - 24 - 103 = -5*d, -2*o - 73 = -3*d. Calculate the remainder when d is divided by w(0).
7
Let n(z) = z**3 - z**2 - 4*z - 4. Let p(i) = 5*i**3 - i**2 + i - 1. Let k be p(1). Calculate the remainder when (1*2)/(-2) + 84 is divided by n(k).
27
Let h(f) = -34*f - 3. Calculate the remainder when h(-2) is divided by 22.
21
Let l(p) = 2*p**3 - 2*p**2 + p - 1. What is the remainder when 160 is divided by l(2)?
7
Let o = -2 - -9. Let i(v) = -v + 23. Calculate the remainder when i(-3) is divided by o.
5
Let r be (-3)/1 + -2 + 2. Let w(n) = -2*n - 1. Calculate the remainder when 13 is divided by w(r).
3
Let o(j) = 2*j + 6. Let i be o(6). Suppose -i = -4*b - 2. Suppose 5*a - 46 = b*r, -a + 7 = -3*r - 0. What is the remainder when a is divided by 4?
2
Calculate the remainder when 93 is divided by 10*40/60*36/10.
21
What is the remainder when 6 - -52 - (-2 - 2) is divided by 21?
20
Let m(d) = 2*d - 7. Let i be m(6). Calculate the remainder when 8 is divided by i/((-5)/2) + 7.
3
What is the remainder when 25 is divided by ((-26)/(-3))/(6/9)?
12
Suppose -2*l = 2*a - 594, -4*l - 5*a = -588 - 601. Let w(y) = -y + 30. Calculate the remainder when (-4)/12 + l/6 is divided by w(13).
15
Suppose -k - 70 = -3*k. Calculate the remainder when k is divided by 12.
11
Let t be (0/(-3))/3 + 5. Suppose -2*z + 224 = 5*s, t*s - 5*z + 4*z - 233 = 0. What is the remainder when s is divided by 12?
10
Let w(a) = a + 9. Let l be w(-7). Suppose 5*b - 28 = 4*i, 0 = b + 3*i + l*i + 6. What is the remainder when 13 is divided by b?
1
Let g(r) = 10*r. Let i be g(5). Let k = -33 + i. Suppose 2*o + 4*q - 94 = 0, 6*q - 191 = -4*o + q. What is the remainder when o is divided by k?
15
Let g(x) = -x**3 - 9*x**2 - 10*x - 2. Let a be g(-8). Let q = 23 + a. Calculate the remainder when q is divided by 19.
18
Let p(d) = 12*d**2 - 11*d**2 + 3 + 1 + 4*d. What is the remainder when 17 is divided by p(-5)?
8
Let g be 4 + -2 + (1 - 0). Let m(d) be the second derivative of -d**4/12 + d**3 - 2*d**2 + 3*d. What is the remainder when 8 is divided by m(g)?
3
Let g(w) = w**2 + 8*w + 31. What is the remainder when g(-9) is divided by 3?
1
Suppose -3*w - 3*a + 171 = 0, -2*a + 102 = 2*w - 3*a. Let c be (-6*3/(-6))/1. Suppose c*r = 4*r - 14. What is the remainder when w is divided by r?
11
Calculate the remainder when 49 is divided by (-1404)/(-84) + 4/14.
15
Let w(g) = g**2 - 2*g + 7. Calculate the remainder when 87 is divided by w(5).
21
Suppose -f = -5*b - 29, 0 = 5*f - 8*f + 5*b + 37. What is the remainder when -2 - (-1 - (-32)/(-2)) is divided by f?
3
Let d(b) = 2*b - 10. Let p be d(7). Suppose 2*q + 8 = 4*h, -2*h + 4 = -p*q + 6. What is the remainder when (q/(-3))/(-2)*78 is divided by 9?
8
Let a = 98 + -50. What is the remainder when a is divided by 17?
14
Let p = -10 - -55. Let a(l) = -l**3 + 7*l**2 + 2*l - 2. Calculate the remainder when p is divided by a(7).
9
Suppose -5*g - 21 = -131. Calculate the remainder when g is divided by 15.
7
Let j(c) = c**3 - c**2 - 2. Let w be j(0). Calculate the remainder when ((-11)/(-3))/((-2)/(-12)) is divided by ((-2)/(-4))/(w/(-48)).
10
Let n be 2 + -2 - (-5 - -4). Let w = 3 - n. Let a = 1 + 2. Calculate the remainder when a is divided by w.
1
Suppose q + 0*q - 11 = 0. Let j = q - 4. Let z = -6 - -9. Calculate the remainder when j is divided by z.
1
Suppose -w - 4*w = -25. Calculate the remainder when (-230)/(-14) + (-15)/35 is divided by w.
1
Let o(n) = -3*n**2 - 5*n + 5. Let c be o(4). Calculate the remainder when 51*(-7)/(c/6) is divided by 9.
7
Let g = 61 - 16. Let s(v) = v**3 - 2*v**2 - 4*v - 4. Calculate the remainder when g is divided by s(4).
9
Let r = -10 - -14. Suppose -6*p + 18 = -r*p. Calculate the remainder when 24 is divided by p.
6
Let p = -8 - -11. Calculate the remainder when p is divided by (-38)/(-14) + (-12)/(-42).
0
Let i be 2/2*0/2. Suppose i = 4*m - 2*m - 40. Calculate the remainder when m is divided by -3*1 - (-18 + 8).
6
Suppose -37 = -0*n - n. What is the remainder when n is divided by 392/22 - (-6)/33 - -1?
18
Suppose -2*f - 94 = -4*k, f - 34 + 15 = -k. What is the remainder when k is divided by 5?
2
Suppose -6*o = -o - 170. Calculate the remainder when o is divided by 5 - 3 - (-11 + 1).
10
Let w = 28 + -13. Let k(m) = 2*m**2 + 7*m + 4. Let z be 6/12 + 18/(-4). Calculate the remainder when w is divided by k(z).
7
Suppose g - 5*r = -13, 4*r - 5 - 1 = 3*g. Let k be ((-44)/10)/(g/10). Let i = 36 + k. Calculate the remainder when i is divided by 8.
6
Let z = 332 - 144. Calculate the remainder when z is divided by 19.
17
Suppose -2*c = -4*n + 44, -3*n + c = -3*c - 43. Calculate the remainder when 71 is divided by n.
8
Suppose -4*r = -r - 5*m - 50, 4*r + 3*m = 86. Suppose -5*h + r = -h. Calculate the remainder when h is divided by 2.
1
Suppose 3*a - 17 = 10. What is the remainder when 18 is divided by a?
0
Suppose -s = -2*y - 3, -2*y = -3*y + 5. What is the remainder when 49 is divided by s?
10
Suppose k + 2 = -4*s, 3*k + 5*s = -5 - 1. Let a = 11 - 6. Let p = a + k. Calculate the remainder when 8 is divided by p.
2
Let t = 12 - 22. Let q(k) = -6*k - 13. Let p be q(t). Let b = -3 + p. What is the remainder when b is divided by 15?
14
Suppose c = 3*v + 20, 0 = c - 5*v - 10 - 2. Suppose s - 5*n + 27 = 2*s, 4*s = -4*n + 44. Calculate the remainder when (-2)/(-4)*(c - -6) is divided by s.
5
Let y = -8 - -2. Let f = -7 + 13. What is the remainder when (-220)/(-14) + y/(-21) is divided by f?
4
Let l(v) = 2*v**2 - 6*v + 6. Let n be l(5). Let t = -11 + n. Let s = 81 - 37. What is the remainder when s is divided by t?
14
Let s = 97 - 23. Let h(g) = 2*g**2 + 34*g + 19. Calculate the remainder when s is divided by h(-17).
17
Let w = 4 + 18. Calculate the remainder when 42 is divided by w.
20
Calculate the remainder when -1 + 37/(1 - 0) is divided by 10.
6
Let b be 20*1 + (-3 - -3). Suppose b = 3*f - f. What is the remainder when (-6)/4*168/(-9) is divided by f?
8
Suppose -18 = 2*m + k, -7*m + 4*m - 5*k = 41. Suppose 4*y - 19 - 49 = 0. Calculate the remainder when y is divided by 183/21 - 2/m.
8
Let a = -33 - -14. Let v = a - -26. Calculate